 m(l) = l + 8. Let j be m(-5). Suppose 4*s - 144 = j*b + 130, -5*b = -10. Does 14 divide s?
True
Suppose 5*f + 20 = 0, -2*d + 5*d - f - 10 = 0. Let h = 98 - 93. Suppose -82 + d = -h*q. Is 14 a factor of q?
False
Is (108/21)/(7/392*8) a multiple of 11?
False
Let d = -139 + 201. Suppose v - d = -5. Is 9 a factor of v?
False
Let z be 260/(-50) + 2/10. Is 4 a factor of (-4 - 126)/z + 0?
False
Let k = 835 + -698. Does 4 divide k?
False
Suppose 2*a - 573 = -63. Suppose -7*u = -2*u - a. Is u a multiple of 17?
True
Is 24 a factor of (-400920)/(-64) + (-268)/32 + 8?
True
Suppose -12*l - 586 - 278 = 0. Let c = 86 + l. Is 14 a factor of c?
True
Let g = -716 - -1748. Suppose 5*w + 2*v = g, -2*w = 3*w - 3*v - 1027. Does 16 divide w?
False
Suppose -3*d = 21 + 3. Let w = -8 - d. Suppose 30 = 2*v - w. Does 15 divide v?
True
Let h(r) = 0*r**2 + r + r - r**3 - 9*r**2 - 7. Let v be h(-9). Let x = -15 - v. Is x a multiple of 10?
True
Suppose 3*q - 2*q = 3*a - 3, -5*a + 5 = 0. Suppose -4*m + v - 2*v + 128 = q, 2*v + 140 = 4*m. Let x = 131 - m. Is x a multiple of 30?
False
Let j = -1640 - -2407. Does 10 divide j?
False
Let t = -88 + 83. Is (-6)/((-8)/4) - t a multiple of 8?
True
Suppose 0 = -6*n - 4 + 28. Suppose -3*h + 2*g + 328 = 99, 5*g = 2*h - 149. Suppose n*t - h = 75. Is t a multiple of 13?
False
Let f(k) = k - 16. Let x be f(14). Let v = x - -8. Suppose v*j = 3*j + 120. Is 8 a factor of j?
True
Let l(g) = 44*g**2 + 7*g + 1. Is l(-3) a multiple of 54?
False
Suppose 0 = 2*h - 6*z + 8*z - 164, 4*h + z = 328. Does 2 divide h?
True
Let x(z) = -z**3 + 21*z**2 + 33*z - 172. Is x(22) a multiple of 20?
False
Let m(t) = -10*t**3 + 4*t**2 + 11*t + 22. Is 22 a factor of m(-4)?
True
Suppose 0 = 3*k + 16 - 55. Let x(l) = l**2 + 4*l - 4. Let s be x(3). Let q = s - k. Is q a multiple of 4?
True
Let j = -159 - -285. Let o be 2/9 - 28/j. Suppose -a + 33 = -o*a. Is a a multiple of 11?
True
Suppose 3 + 12 = 5*k. Suppose 0 = -2*y - k - 3. Is 6 a factor of y/5 - (-784)/40?
False
Suppose -5*i = -2*k, 0 = k - 0*i - 3*i + 1. Suppose -k*n - 2*r + 160 = 0, 0 = -2*n + 2*r - 0*r + 50. Does 15 divide n?
True
Suppose 0 = 5*g + 21 - 6. Is 26 a factor of -1*(5 - -7)*65/g?
True
Let w = 1 - -9. Let h(m) = -m**2 + 24*m - 23. Is h(w) a multiple of 39?
True
Suppose 8*s - 475 = 3*s. Suppose 20 = 5*a - s. Does 23 divide a?
True
Suppose -3*a - 5*r = -159 - 351, -2*a - 5*r + 345 = 0. Does 3 divide a?
True
Suppose 2*z = 4*z - 6. Suppose -z*f + 5*f - 126 = 0. Does 16 divide f?
False
Let q = -2 + -1. Let h(a) be the third derivative of -a**4/8 - 2*a**3/3 + 7*a**2. Is h(q) a multiple of 5?
True
Suppose -2*j + 296 = -32. Does 82 divide j?
True
Suppose 21 = -3*s + 3*x, 3*x + 24 = -4*s + 3. Let k be s/45 - 372/(-90). Is k/(-2 - -10)*96 a multiple of 24?
True
Let b(w) = -w**3 - 24*w + 12 - 16*w**2 - 2*w**2 - w**2. Is b(-18) a multiple of 22?
False
Let m = 13 + -9. Suppose 2*v - 2*o - 2 + 10 = 0, -m*o - 19 = v. Let w = -2 - v. Is 4 a factor of w?
False
Suppose 5*b = 2*q + 14 - 2, 0 = b - 2*q - 4. Let r = 27 + -14. Suppose -r = -b*c + c. Does 4 divide c?
False
Let g(o) = -7*o - 7. Let r(v) = 13*v + 14. Let h(t) = 7*g(t) + 4*r(t). Let l(p) = 2*p**2 - 3*p. Let f be l(3). Is h(f) a multiple of 6?
False
Let o be 66/36 + (-3)/(-18) - 2. Suppose 42 = 3*j - 3*k, o*k + 5*k - 80 = -5*j. Does 7 divide j?
False
Let s = -20 - -567. Is s a multiple of 47?
False
Let z(a) be the third derivative of 0 - a**2 + 0*a - 1/60*a**5 - 7/6*a**3 + 5/12*a**4. Is z(7) a multiple of 3?
False
Suppose -52*o + 209 = -51*o. Is o a multiple of 24?
False
Let n(f) = -1. Let k(g) = -3*g + 1. Let r(h) = -k(h) - 5*n(h). Let y be r(0). Does 12 divide y/(-12) - (-489)/9?
False
Let o(v) be the first derivative of -v**3/3 + 5*v**2 + 8*v - 1. Let y be o(14). Does 9 divide (-2)/(-8) - 420/y?
True
Let o(l) = -5*l**3 + l**2 + 8. Let y be o(-4). Suppose -y = 3*w + w. Let k = -36 - w. Is 25 a factor of k?
True
Let b be (-3)/(-2*(-6)/(-16)). Suppose -34 = -2*g + 3*p, -p - 3*p + 88 = b*g. Is 10 a factor of g?
True
Suppose -79*h = -114*h + 98210. Is h a multiple of 57?
False
Let c be 1 - 4 - 8/(-1). Is 12 a factor of c/15 - (-143)/3?
True
Let z(h) = -11*h**2 + 4*h**2 + 18 + 6*h**2. Let k(l) = l**3 + l**2 - 2*l. Let t be k(-2). Is 5 a factor of z(t)?
False
Let b be ((-2)/((-4)/2))/1. Let p = 107 - 101. Is (p/(-5))/(b/(-20)) a multiple of 12?
True
Suppose 4*l + 119 = 91. Let i(a) be the second derivative of -a**5/20 - 2*a**4/3 - 3*a**3/2 + a**2 + a. Is i(l) a multiple of 7?
False
Let m(u) = -48*u**2 - 9 - u**3 + 17*u + 98*u**2 - 42*u**2. Is 37 a factor of m(8)?
False
Let w(z) = 41*z + 2. Let f = 14 + -12. Let a be w(f). Suppose 134 = 3*g - 2*n, -2*g + n + a + 4 = 0. Is 21 a factor of g?
True
Let k = 9 + -4. Let s(q) = -q**3 + 8*q**2 - 7*q + 4. Let w be s(7). Suppose 21 = 2*v - w*f - f, -25 = -k*f. Does 6 divide v?
False
Let y(v) = v**2 - 5*v + 4. Let k be y(5). Let i(m) = -m**2 + 3*m - 3. Let j be i(k). Is 16 a factor of ((-48)/7)/(1/j)?
True
Let s(b) = -3*b - 19. Let i be s(-8). Does 5 divide (i - -2) + 2/1?
False
Suppose -1072 = -2*z - 3*z - 2*i, -854 = -4*z + 2*i. Does 23 divide z?
False
Is 40 a factor of 13005/75 + (-2)/5?
False
Suppose -3*f = -5*f + 34. Suppose f*k - 5 = 12*k. Does 5 divide -4 - 26*-1*k?
False
Let m be (-3)/6*1*6. Let g be (-4 + 3)/(m/3). Is 25 a factor of 0 + (g - -46) - 3?
False
Suppose -80 = 5*f - 75, -3*f - 3283 = -4*j. Does 13 divide j?
False
Let w(o) be the third derivative of -o**4/12 + o**3 - 5*o**2. Let a be w(5). Is 54 - (-10 - a)/3 a multiple of 18?
False
Let u(z) = z**3 + 19*z**2 + 41*z + 40. Is u(-16) a multiple of 4?
True
Suppose m = 1 + 1, -2*x = 5*m - 398. Is 42 a factor of x?
False
Suppose 0 = 4*w - 2*w - 1404. Does 117 divide w?
True
Let a = 12 + -12. Suppose 2*d - 6*d + 28 = a. Does 3 divide d?
False
Suppose -47 = 4*g - 59. Suppose 12 = -g*s + 36. Is s even?
True
Suppose -4*h - n = -0*h - 159, 0 = -4*h - 3*n + 157. Suppose 0 = -2*a - 4*p + 48, 8*p = a + 3*p - 17. Let z = h - a. Is z a multiple of 3?
True
Suppose -7*c + 39*c - 1472 = 0. Does 2 divide c?
True
Is 43 a factor of 100/(-75)*(4 - (-2432)/(-2))?
False
Let l = 66 - 107. Let s be (29/58)/((-1)/(-178)). Let j = s + l. Does 24 divide j?
True
Suppose -5*q = -q - 3*r - 2534, -4*q + 2538 = -5*r. Does 34 divide q?
False
Suppose 17 - 1 = -8*z. Let j(i) = 43*i**2 + 4*i - 2. Does 11 divide j(z)?
False
Does 27 divide (-4)/(2 + 14) + (-1513)/(-4)?
True
Let m = -366 - -176. Let f = m + 507. Does 22 divide f?
False
Let q(a) = -a**3 + 23*a**2 + 19*a + 45. Let p be q(24). Does 10 divide 5/(p/10)*-75?
True
Let z = -668 - -1507. Is 18 a factor of z?
False
Let k = 346 + -142. Suppose 0 = 4*p - 6*p - 232. Let z = k + p. Is z a multiple of 22?
True
Suppose 12*b = 17*b - 475. Is 20 a factor of b?
False
Suppose -b = -2*a - 84, -4*b + 351 = -5*a + 12. Suppose 2*u = -4*k + b, 4*u - k = -2*k + 158. Is 33 a factor of u?
False
Let p = 62 - 109. Let y = p + 127. Is 9 a factor of y?
False
Let s(z) = 13*z + 11. Let r be s(8). Suppose 4*x - 112 = -4*q, -5 = 5*q - 5*x - r. Is q a multiple of 5?
True
Let j = 177 + -48. Is 10 a factor of j?
False
Suppose 0 = 5*p - 10*p + 2085. Is 45 a factor of p?
False
Let d be 15/4 + 1/4. Suppose -4*c + 3 = -c - d*b, -3*c + b - 6 = 0. Let h = 24 - c. Is 9 a factor of h?
True
Let j(w) = 3*w**2 + 23*w - 82. Does 12 divide j(14)?
True
Let g be (-2)/(-10) - 342/10. Let r = -9 + -14. Let j = r - g. Is 4 a factor of j?
False
Suppose -2*l - 40 = 2*v, 4*v = 5*l + 5*v + 100. Let j = 14 - l. Does 10 divide j?
False
Let h = -1650 - -2404. Is 58 a factor of h?
True
Let d = -84 - -121. Let b = d - -35. Does 36 divide b?
True
Let w(o) = o + 10. Let u be w(-8). Suppose -u*r = -3*r. Suppose r*i = -4*i + 128. Is i a multiple of 17?
False
Suppose 48*j = 49*j - 186. Does 43 divide j?
False
Suppose -4 = 2*y - 16. Let w(n) = 4*n - 1. Let b(t) = t + 1. Let a(p) = y*b(p) - 3*w(p). Does 15 divide a(-6)?
True
Let t(u) = 9*u + 92. Does 15 divide t(45)?
False
Let j = 4 + 1. Let k(b) = 10*b - 14. Is 9 a factor of k(j)?
True
Let f(h) = -2*h**3 - 8*h**2 + 53*h - 52. Is f(-12) a multiple of 27?
False
Suppose -4*d + 12 = f, f = -5*d + 7 + 7. Let k(v) = 0*v + 2*v**2 + 2 - 2*v + 4*v**2. Is 22 a factor of k(d)?
True
Suppose 0 = 3*a - 15, 2*h + 14*a = 12*a + 650. Does 10 divide h?
True
Suppos